et u = -35 - b. Calculate the remainder when u is divided by 12.
9
Let u(a) = a**2 - 2*a + 8. Let m be u(6). Let w = m + -14. Calculate the remainder when w is divided by 10.
8
Let p(i) = i + 28. Let x be p(0). Suppose -x = -2*l - 2*t, 5*l - 5*t + 20 = 120. Let d = 27 + 5. Calculate the remainder when d is divided by l.
15
Suppose -m = 3 - 5. Suppose -h - m*h = -4*g + 12, -h = -4*g + 20. What is the remainder when g is divided by (1 - (-28)/(-4))/(9/(-6))?
2
Let z be (4 + -6 - -5) + 2. Let u(g) = g**3 + 2 - 3*g - 5*g**2 + 2*g + 2*g. Calculate the remainder when 12 is divided by u(z).
5
Let s(x) = 5*x**2 - x - 1. Let a be s(3). Suppose -4*l + 19 = -a. What is the remainder when 43 is divided by l?
13
Let k = -96 + 189. Calculate the remainder when k is divided by 24.
21
Suppose 3 = g - 1. Let s = 6 - g. What is the remainder when s is divided by 2?
0
Suppose 2*t + 6 = 3*t. Suppose 4*d + t*h - h = 66, 0 = -3*h + 6. Let a = 74 + -49. What is the remainder when a is divided by d?
11
Suppose 5*p - 9 = 4*z, 3*p - 18 - 5 = -2*z. Suppose 3*j = -d + 35, -z*j + j - 4*d = -41. What is the remainder when j is divided by 3?
2
Let d(w) = 3*w - 24. Let r(h) = -h + 10. Calculate the remainder when r(6) is divided by d(9).
1
Suppose 5*k - 265 + 45 = 0. Let j = -26 - -38. What is the remainder when k is divided by j?
8
Suppose p - 6 - 1 = 0. Let n(s) = 2*s**3 - 2*s**2 - 2*s - 4. What is the remainder when n(3) is divided by p?
5
Let c(u) = -u**2 + u + 3. Let b be c(3). Suppose -7 - 20 = -g - 3*w, -5*w + 25 = 0. Calculate the remainder when (-2)/(-3) - 64/b is divided by g.
10
Suppose 0*p - 4*p = -c - 12, -3*c + p = -8. Suppose -2*j - 4*r = -24, j - 15 = c*r - 5*r. Calculate the remainder when 70 is divided by j.
16
Let g = 73 - -25. What is the remainder when g is divided by 33?
32
Let b = 5 - -29. Suppose -d + 23 - 5 = 0. Calculate the remainder when b is divided by d.
16
Let x(h) = -h**2 - h + 4. Let p = 12 - 1. Calculate the remainder when p is divided by x(0).
3
Suppose -3*k = -4*v + 2*k + 61, -v + k + 15 = 0. What is the remainder when v is divided by 8?
6
Suppose -3*i + 3 = -3. What is the remainder when 4 is divided by i?
0
Calculate the remainder when (-2)/(-4)*11*4 is divided by (2 - -7) + 12/4.
10
Suppose 2*l = -3*d, -l + 0*l + 5 = -d. Suppose -v - 14 = -3*g, 2*g = -4*v - v - 19. Suppose -4*p = -g - 1. What is the remainder when l is divided by p?
0
Suppose 0 = -2*h + 14 + 6. Calculate the remainder when 59 is divided by h.
9
Suppose 2 = -0*d - d, 2*o = 2*d - 16. Let k = 6 - o. What is the remainder when 46 is divided by k?
14
Suppose -5*d + 3*u - 33 = 0, -u = 4*u - 5. Let x be (4/6)/(2/d). What is the remainder when (0 - 5/x)*2 is divided by 3?
2
Suppose 37 = 11*p - 18. Calculate the remainder when 8 is divided by p.
3
Suppose 14 = -4*q + 86. Let s = q - 11. What is the remainder when 18 is divided by s?
4
Suppose 0 = -g + 3*g + 2, 149 = 4*k + 3*g. What is the remainder when 73 is divided by k?
35
Calculate the remainder when 33 is divided by (-19)/(-2) + (-2)/((-12)/(-3)).
6
Let l(r) = 18*r + 3. Suppose -2*x - 3*x = -70. Calculate the remainder when l(2) is divided by x.
11
Let r(j) = 2*j**2 - 5*j - 2. What is the remainder when 18 is divided by r(4)?
8
Let v(b) = 2*b**2 + 4*b - 1. What is the remainder when v(5) is divided by 18?
15
Let q(g) = -g**2 - 5*g + 1. Let m(y) = -32*y + 4. Let k be m(-3). Calculate the remainder when ((-4)/10)/((-2)/k) is divided by q(-3).
6
Let c = 244 - 105. What is the remainder when c is divided by 36?
31
Let c = 12 + -8. Calculate the remainder when c is divided by (1*-2 - 0)*-1.
0
Suppose -7*u - 343 = -14*u. Suppose -4*g - 52 = -4*l, 4*g - 26 = -0*l - 2*l. What is the remainder when u is divided by l?
10
Let h(t) = t**3 + 10*t**2 - t + 4. Suppose 4*f = -2*o - 40, -5 = 3*o - 3*f - 2*f. What is the remainder when h(o) is divided by 4?
2
Let v be -12 - ((1 - -2) + 0). Let z = v - -21. What is the remainder when 11 is divided by z?
5
Let p = 98 + 36. Calculate the remainder when p is divided by 34.
32
Suppose 4*z + 14 = 3*j - 3, 0 = 3*j + 5*z - 53. Let s = 66 + -35. Calculate the remainder when s is divided by j.
9
Let p(t) = 11*t. Let w = -30 - -71. Calculate the remainder when w is divided by p(1).
8
Let s(l) = l**3 + 2*l**2 - 6*l - 3. Calculate the remainder when 30 is divided by s(-3).
0
Suppose 3*n = -17 - 22. Let o = 46 - 23. Let y = n + o. Calculate the remainder when y is divided by 6.
4
Let r(q) = -2*q**3 - q**2 - 3*q - 3. Let f(d) = d**3 - 6*d**2 + 4*d + 3. Let b be f(5). Let o = -99 - -128. Calculate the remainder when o is divided by r(b).
14
Suppose 5*d - 4*d - 3*s - 5 = 0, 19 = d + 4*s. Suppose 25 + d = 3*q. Let b(p) = p**3 + 8*p**2 + p - 7. What is the remainder when b(-7) is divided by q?
11
Suppose 0 = -0*a - 4*a - 2*p + 150, 5*a - 191 = p. Suppose -5*x = 4*z - a, -x + 15 = 2*x + 5*z. What is the remainder when 28 is divided by x?
8
Calculate the remainder when 6/(-14) - (-1590)/35 is divided by 16.
13
Let u be (-6 - -17) + -4 + 1. Suppose u + 22 = 2*z. What is the remainder when 42 is divided by z?
12
Let h(o) = -4*o - 6. Calculate the remainder when 49 is divided by h(-5).
7
Let o be (-7)/(4/1 + -3). Let a = o - -9. Suppose 3*f = -4*w + 112, -2*f - 59 = -a*w - 17. Calculate the remainder when w is divided by 13.
12
Let m = 10 + -10. Let u = 3 - m. What is the remainder when 6 is divided by u?
0
Let f(y) = y**2 - y - 1. Let r = 5 + 0. Let x be f(r). Suppose 0 = -w + 6 + x. What is the remainder when w is divided by 13?
12
Suppose h = n - 5*n + 25, 4*n = h + 7. Let c = -38 - -58. Let w = c - 4. Calculate the remainder when w is divided by h.
7
Suppose 3*l + 104 = 7*l. What is the remainder when l is divided by 3?
2
Suppose -169 = -4*f + 3. Let a = -11 + 26. What is the remainder when f is divided by a?
13
Suppose -6 - 2 = -4*p. What is the remainder when 36/p*3/6 is divided by 4?
1
Let t = 15 + -11. Suppose -t*x + 12 + 20 = 0. Calculate the remainder when 21 is divided by x.
5
Suppose -2*o = 2*k + 3*k - 60, k = 2*o - 36. Let g(f) = 5 + 4*f - 4 - 2. What is the remainder when o is divided by g(2)?
6
Suppose 46 = c + 6. Calculate the remainder when c is divided by 21.
19
Suppose -2*f = 3*f - 10. Suppose -2*y = f*y - 100. What is the remainder when y is divided by 7?
4
Suppose 5*i - 26 = 3*w, -3*w + 30 = 5*i - 2*i. Calculate the remainder when 18 is divided by i.
4
Let f(q) = q**2 - 11*q - 72. What is the remainder when f(17) is divided by 8?
6
Suppose 3*i = 5*i + 4, -u + i = -19. Suppose -2*q + q = -2. Suppose 0 = 4*k - q*k - 100. Calculate the remainder when k is divided by u.
16
Suppose -4*i - 213 = -3*c - 0*i, -284 = -4*c + 2*i. Calculate the remainder when c is divided by 18.
17
Let t(n) = -n**3 - 6*n**2 + 9*n + 8. Let a be t(-7). What is the remainder when (-3 + 7)*(-33)/a is divided by 8?
6
Suppose 2*c - 26 = 4*n - 204, 0 = -n + 5*c + 31. Let j = -26 + n. What is the remainder when j is divided by 11?
9
Suppose -3*k - 3*h + h = -20, 5*h - 14 = -3*k. Let w = k + -6. What is the remainder when 3 is divided by w?
1
Let i be (4/(-6))/(4/(-42)). Suppose -10 = -2*r + 2*y, 2*y - 17 = -r + i*y. Suppose 0*g + 2 = r*g, 41 = 5*f + g. What is the remainder when 23 is divided by f?
7
What is the remainder when (-206)/(-4) + 8/16 is divided by 28?
24
Suppose 0 = -3*u + 5*t - 7 + 58, 2*t = 0. Suppose 4*o = -h + 49, 3*h = 4*o - 0*o + 211. Calculate the remainder when h is divided by u.
14
Suppose 10 = 2*k + 3*k. Suppose 14 = -3*i - k*i - 3*l, 2*i + 2*l = -8. Let m = 5 + i. What is the remainder when 6 is divided by m?
2
Let p = 47 + -26. Calculate the remainder when p is divided by 8.
5
Let g = 8 - 6. Calculate the remainder when 7 is divided by g.
1
Calculate the remainder when 91 is divided by ((-3)/(-6))/(4/184).
22
Let y(r) = r**3 + 14*r**2 + 20*r - 24. Calculate the remainder when 69 is divided by y(-12).
21
Calculate the remainder when 2/((-4)/(-52) - 0) is divided by 7.
5
Let z = 94 - 59. Suppose 0 = 3*t + 15, 5*o - 3*o = -t + 19. Calculate the remainder when z is divided by o.
11
Suppose 0 = -3*t - 4*q + 5*q + 128, 2*t - 87 = q. What is the remainder when t is divided by 21?
20
Suppose -3*t - 56 = t. Let n(c) = -c**3 - 14*c**2 - 2*c - 19. Calculate the remainder when 23 is divided by n(t).
5
Suppose 5*t